when 1968 is divided by 1300?
668
What is the remainder when 9783 is divided by 204?
195
Calculate the remainder when 7227 is divided by 64.
59
Calculate the remainder when 145976 is divided by 12.
8
Calculate the remainder when 46589 is divided by 2146.
1523
Calculate the remainder when 486399 is divided by 380.
379
Calculate the remainder when 1006 is divided by 501.
4
What is the remainder when 4005 is divided by 751?
250
What is the remainder when 1200 is divided by 64?
48
Calculate the remainder when 1179 is divided by 168.
3
What is the remainder when 4151 is divided by 49?
35
What is the remainder when 1320839 is divided by 11?
3
What is the remainder when 1157 is divided by 87?
26
What is the remainder when 2119 is divided by 178?
161
Calculate the remainder when 4439 is divided by 4432.
7
What is the remainder when 43866 is divided by 570?
546
What is the remainder when 13038 is divided by 1199?
1048
What is the remainder when 9845 is divided by 197?
192
What is the remainder when 541 is divided by 128?
29
What is the remainder when 11007 is divided by 3661?
24
Calculate the remainder when 8311 is divided by 923.
4
Calculate the remainder when 145984 is divided by 157.
131
What is the remainder when 182117 is divided by 45?
2
Calculate the remainder when 24528 is divided by 4082.
36
Calculate the remainder when 128871 is divided by 356.
355
Calculate the remainder when 177 is divided by 89.
88
What is the remainder when 14234 is divided by 1026?
896
What is the remainder when 4496 is divided by 30?
26
Calculate the remainder when 2156134 is divided by 718709.
7
Calculate the remainder when 5239 is divided by 1268.
167
What is the remainder when 11458 is divided by 191?
189
Calculate the remainder when 184293 is divided by 21.
18
Calculate the remainder when 5472 is divided by 1048.
232
What is the remainder when 66732 is divided by 21?
15
What is the remainder when 282068 is divided by 133?
108
What is the remainder when 345 is divided by 65?
20
Calculate the remainder when 115491 is divided by 48.
3
Calculate the remainder when 10689 is divided by 975.
939
What is the remainder when 89551 is divided by 29849?
4
What is the remainder when 14841661 is divided by 407?
406
What is the remainder when 18395 is divided by 6130?
5
Calculate the remainder when 46884 is divided by 980.
824
What is the remainder when 65378 is divided by 589?
588
Calculate the remainder when 4765 is divided by 4701.
64
Calculate the remainder when 805 is divided by 99.
13
What is the remainder when 265388 is divided by 103?
60
Calculate the remainder when 1093307 is divided by 364432.
11
Calculate the remainder when 105792 is divided by 246.
12
Calculate the remainder when 28888 is divided by 40.
8
Calculate the remainder when 56638 is divided by 30.
28
Calculate the remainder when 6936 is divided by 32.
24
Calculate the remainder when 85860 is divided by 512.
356
Calculate the remainder when 414 is divided by 79.
19
What is the remainder when 419995 is divided by 83995?
20
Calculate the remainder when 1287864 is divided by 50.
14
Calculate the remainder when 142479 is divided by 40.
39
What is the remainder when 17927 is divided by 1411?
995
What is the remainder when 3337 is divided by 22?
15
Calculate the remainder when 7138 is divided by 3530.
78
Calculate the remainder when 6086 is divided by 360.
326
What is the remainder when 7831 is divided by 81?
55
What is the remainder when 1661 is divided by 1305?
356
What is the remainder when 303037 is divided by 1232?
1197
What is the remainder when 156028 is divided by 32?
28
What is the remainder when 116230 is divided by 87?
85
What is the remainder when 3087 is divided by 287?
217
What is the remainder when 102858 is divided by 74?
72
Calculate the remainder when 383316 is divided by 34.
0
What is the remainder when 24293 is divided by 4045?
23
What is the remainder when 10166 is divided by 2396?
582
What is the remainder when 265404 is divided by 534?
6
What is the remainder when 30604 is divided by 65?
54
Calculate the remainder when 17200 is divided by 44.
40
Calculate the remainder when 3736 is divided by 593.
178
What is the remainder when 790539 is divided by 290?
289
Calculate the remainder when 1650 is divided by 948.
702
What is the remainder when 6608 is divided by 68?
12
What is the remainder when 45837 is divided by 83?
21
Calculate the remainder when 105780 is divided by 537.
528
Calculate the remainder when 9196 is divided by 3695.
1806
Calculate the remainder when 23049 is divided by 183.
174
What is the remainder when 35004 is divided by 145?
59
Calculate the remainder when 13503 is divided by 6505.
493
What is the remainder when 137851 is divided by 7658?
7
Calculate the remainder when 101446 is divided by 25345.
66
Calculate the remainder when 37287 is divided by 2189.
74
Calculate the remainder when 2219 is divided by 1702.
517
What is the remainder when 28991 is divided by 23?
11
What is the remainder when 749262 is divided by 31219?
6
What is the remainder when 1763 is divided by 101?
46
Calculate the remainder when 700267 is divided by 350122.
23
What is the remainder when 22075 is divided by 20?
15
Calculate the remainder when 13829 is divided by 179.
46
What is the remainder when 24531 is divided by 20?
11
Calculate the remainder when 15331 is divided by 138.
13
Calculate the remainder when 3868 is divided by 229.
204
What is the remainder when 10032 is divided by 1416?
120
Calculate the remainder when 657456 is divided by 7305.
6
What is the remainder when 230805 is divided by 177?
174
What is the remainder when 19886 is divided by 9868?
150
Calculate the remainder when 3573 is divided by 713.
8
What is the remainder when 121218 is divided by 30304?
2
What is the remainder when 47964 is divided by 320?
284
Calculate the remainder when 2430 is divided by 411.
375
What is the remainder when 3889899 is divided by 350?
349
Calculate the remainder when 3783 is divided by 68.
43
What is the remainder when 1456524 is divided by 35?
34
Calculate the remainder when 13961 is divided by 41.
21
What is the remainder when 280257 is divided by 540?
537
What is the remainder when 834 is divided by 27?
24
What is the remainder when 2665 is divided by 181?
131
Calculate the remainder when 998 is divided by 587.
411
Calculate the remainder when 80235 is divided by 2860.
155
What is the remainder when 24048 is divided by 94?
78
Calculate the remainder when 47259 is divided by 63.
9
Calculate the remainder when 5455 is divided by 156.
151
Calculate the remainder when 1056013 is divided by 37.
33
Calculate the remainder when 174952 is divided by 39.
37
What is the remainder when 4265 is divided by 602?
51
What is the remainder when 1330 is divided by 68?
38
Calculate the remainder when 18189 is divided by 65.
54
Calculate the remainder when 1131810 is divided by 801.
798
Calculate the remainder when 213569 is divided by 72.
17
What is the remainder when 5635 is divided by 105?
70
What is the remainder when 11043 is divided by 527?
503
What is the remainder when 385 is divided by 43?
41
Calculate the remainder when 3264 is divided by 561.
459
What is the remainder when 535 is divided by 312?
223
Calculate the remainder when 149 is divided by 13.
6
What is the remainder when 559666 is divided by 14?
2
What is the remainder when 68034 is divided by 1445?
119
Calculate the remainder when 60859 is divided by 634.
629
Calculate the remainder when 560 is divided by 63.
56
Calculate the remainder when 156232 is divided by 78.
76
What is the remainder when 1836 is divided by 30?
6
What is the remainder when 216635 is divided by 42?
41
What is the remainder when 3869 is divided by 557?
527
What is the remainder when 154029 is divided by 19?
15
Calculate the remainder when 22999 is divided by 81.
76
Calculate the remainder when 5002 is divided by 28.
18
What is the remainder when 149829 is divided by 18?
15
Calculate the remainder when 11749 is divided by 161.
157
Calculate the remainder when 9062 is divided by 333.
71
What is the remainder when 732995 is divided by 27?
26
Calculate the remainder when 9058 is divided by 7.
0
Calculate the remainder when 14017 is divided by 27.
4
Calculate the remainder when 8281